{"id":79,"date":"2021-06-10T11:37:10","date_gmt":"2021-06-10T16:37:10","guid":{"rendered":"https:\/\/naturalgproducts.com\/?post_type=product&#038;p=79"},"modified":"2026-04-24T06:43:08","modified_gmt":"2026-04-24T11:43:08","slug":"la-berraquera","status":"publish","type":"product","link":"https:\/\/naturalgproducts.com\/index.php\/producto\/la-berraquera\/","title":{"rendered":"La Berraquera &#8211; relajante corporal 60gr"},"content":{"rendered":"<div class=\"subtitulo-border\">Alivia dolores corporales como los causados por la artritis, fibromialgia, tendinitis, esguinces, calambres, torticolis, gota, reumatismo, golpes e hinchazones. Ayuda a los deportistas, alivia el dolor de las fibras musculares trabajadas durante el ejercicio, as\u00ed como a un mejor descanso muscular para obtener mejores resultados y rendimiento al trabajar tu deporte favorito.<\/div>\r\n<div><strong>Contiene: Aloe, \u00c1rnica, Cal\u00e9ndula, Cannabis y Mentol.\u00a0<\/strong><\/div>\r\n<div class=\"subtitulo-border\">\r\n<div class=\"subtitulo-border\">\r\n<p class=\"subtitulo-text\"><strong>Modo de uso<\/strong><\/p>\r\n<\/div>\r\n<p class=\"subtitulo-text\">Para aplicar la crema debe masajear el \u00e1rea afectada, teniendo en cuenta el dolor, al presionar el m\u00fasculo, en caso de golpes fuertes recientes no es bueno ejercer mucha fuerza en el masaje si duele demasiado, la aplicaci\u00f3n de La Berraquera disminuir\u00e1 el moreton y alivia el dolor. Es una crema c\u00e1lida, por lo tanto es aconsejable evitar el fr\u00edo despu\u00e9s de aplicarla y vendar la zona adolorida para un efecto m\u00e1s notorio.<\/p>\r\n<div class=\"subtitulo-border\">\r\n<p class=\"subtitulo-text\"><strong>Advertencias<\/strong><\/p>\r\n<\/div>\r\n<p class=\"subtitulo-text\">Bajo ning\u00fan motivo debe ser aplicada sobre quemaduras recientes o heridas abiertas. En caso de tener una lesi\u00f3n grave, consulta con un m\u00e9dico de qu\u00e9 manera puedes hacer el masaje pues no en todos los casos es aconsejable hacerlo.<\/p>\r\n<\/div>\r\n<p><\/p>\r\n<div class=\"wp-block-jetpack-whatsapp-button is-color-dark\"><a class=\"whatsapp-block__button\" style=\"background-color: #25d366; color: #fff;\" href=\"https:\/\/api.whatsapp.com\/send?phone=573507927212&amp;text=Hi%2C%20I%20got%20your%20WhatsApp%20information%20from%20your%20website.\" target=\"_self\" rel=\"noopener noreferrer\">Chat en WhatsApp<\/a><\/div>\r\n<p><\/p>\r\n<p>&nbsp;<\/p>","protected":false},"excerpt":{"rendered":"<div class=\"subtitulo-border\">La Berraquera, crema corporal relajante, alivia dolores corporales causados por artritis, fibromialgia, tendinitis, entre otros, adem\u00e1s contribuye a relajar el m\u00fasculo cansado despu\u00e9s de entrenamientos f\u00edsicos.\u00a0<\/div>\n<p><\/p>\n<div><strong>Contiene: Aloe, \u00c1rnica, Cal\u00e9ndula, Cannabis y Mentol. \u00a0<\/strong><\/div>\n","protected":false},"featured_media":925,"comment_status":"open","ping_status":"closed","template":"","meta":[],"product_brand":[],"product_cat":[55,15],"product_tag":[31,32,28,33,29,36,30,27,35,26,34],"class_list":{"0":"post-79","1":"product","2":"type-product","3":"status-publish","4":"has-post-thumbnail","6":"product_cat-fitness","7":"product_cat-natural-green","8":"product_tag-aloe","9":"product_tag-arnica","10":"product_tag-artritis","11":"product_tag-calendula","12":"product_tag-cannabis","13":"product_tag-cbd","14":"product_tag-dolor","15":"product_tag-fibromialgia","16":"product_tag-mentol","17":"product_tag-musculos","18":"product_tag-una-de-gato","20":"first","21":"instock","22":"sale","23":"taxable","24":"shipping-taxable","25":"purchasable","26":"product-type-variable"},"yoast_head":"<!-- This site is optimized with the Yoast SEO plugin v27.5 - https:\/\/yoast.com\/product\/yoast-seo-wordpress\/ -->\n<title>La Berraquera - relajante corporal 60gr - Natural Green Products<\/title>\n<meta name=\"description\" content=\"Relajante muscular con cannabis, cal\u00e9ndula entre otras plantas. Artritis, fibromialgia, hipertrofia. Ideal para recuperaci\u00f3n de deportistas\" \/>\n<meta name=\"robots\" content=\"index, follow, max-snippet:-1, max-image-preview:large, max-video-preview:-1\" \/>\n<link rel=\"canonical\" href=\"https:\/\/naturalgproducts.com\/index.php\/producto\/la-berraquera\/\" \/>\n<meta property=\"og:locale\" content=\"es_ES\" \/>\n<meta property=\"og:type\" content=\"article\" \/>\n<meta property=\"og:title\" content=\"La Berraquera - relajante corporal 60gr - Natural Green Products\" \/>\n<meta property=\"og:description\" content=\"Relajante muscular con cannabis, cal\u00e9ndula entre otras plantas. Artritis, fibromialgia, hipertrofia. Ideal para recuperaci\u00f3n de deportistas\" \/>\n<meta property=\"og:url\" content=\"https:\/\/naturalgproducts.com\/index.php\/producto\/la-berraquera\/\" \/>\n<meta property=\"og:site_name\" content=\"Natural Green Products\" \/>\n<meta property=\"article:publisher\" content=\"https:\/\/www.facebook.com\/naturalgproducts\/\" \/>\n<meta property=\"article:modified_time\" content=\"2026-04-24T11:43:08+00:00\" \/>\n<meta property=\"og:image\" content=\"https:\/\/naturalgproducts.com\/wp-content\/uploads\/2021\/06\/No-contiene-azucares-anadidos-ni-conservantes.webp\" \/>\n\t<meta property=\"og:image:width\" content=\"1080\" \/>\n\t<meta property=\"og:image:height\" content=\"1080\" \/>\n\t<meta property=\"og:image:type\" content=\"image\/webp\" \/>\n<meta name=\"twitter:card\" content=\"summary_large_image\" \/>\n<meta name=\"twitter:label1\" content=\"Tiempo de lectura\" \/>\n\t<meta name=\"twitter:data1\" content=\"2 minutos\" \/>\n<script type=\"application\/ld+json\" class=\"yoast-schema-graph\">{\"@context\":\"https:\\\/\\\/schema.org\",\"@graph\":[{\"@type\":\"WebPage\",\"@id\":\"https:\\\/\\\/naturalgproducts.com\\\/index.php\\\/producto\\\/la-berraquera\\\/\",\"url\":\"https:\\\/\\\/naturalgproducts.com\\\/index.php\\\/producto\\\/la-berraquera\\\/\",\"name\":\"La Berraquera - relajante corporal 60gr - Natural Green Products\",\"isPartOf\":{\"@id\":\"https:\\\/\\\/naturalgproducts.com\\\/#website\"},\"primaryImageOfPage\":{\"@id\":\"https:\\\/\\\/naturalgproducts.com\\\/index.php\\\/producto\\\/la-berraquera\\\/#primaryimage\"},\"image\":{\"@id\":\"https:\\\/\\\/naturalgproducts.com\\\/index.php\\\/producto\\\/la-berraquera\\\/#primaryimage\"},\"thumbnailUrl\":\"https:\\\/\\\/i0.wp.com\\\/naturalgproducts.com\\\/wp-content\\\/uploads\\\/2021\\\/06\\\/No-contiene-azucares-anadidos-ni-conservantes.webp?fit=1080%2C1080&ssl=1\",\"datePublished\":\"2021-06-10T16:37:10+00:00\",\"dateModified\":\"2026-04-24T11:43:08+00:00\",\"description\":\"Relajante muscular con cannabis, cal\u00e9ndula entre otras plantas. Artritis, fibromialgia, hipertrofia. Ideal para recuperaci\u00f3n de deportistas\",\"breadcrumb\":{\"@id\":\"https:\\\/\\\/naturalgproducts.com\\\/index.php\\\/producto\\\/la-berraquera\\\/#breadcrumb\"},\"inLanguage\":\"es-CO\",\"potentialAction\":[{\"@type\":\"ReadAction\",\"target\":[\"https:\\\/\\\/naturalgproducts.com\\\/index.php\\\/producto\\\/la-berraquera\\\/\"]}]},{\"@type\":\"ImageObject\",\"inLanguage\":\"es-CO\",\"@id\":\"https:\\\/\\\/naturalgproducts.com\\\/index.php\\\/producto\\\/la-berraquera\\\/#primaryimage\",\"url\":\"https:\\\/\\\/i0.wp.com\\\/naturalgproducts.com\\\/wp-content\\\/uploads\\\/2021\\\/06\\\/No-contiene-azucares-anadidos-ni-conservantes.webp?fit=1080%2C1080&ssl=1\",\"contentUrl\":\"https:\\\/\\\/i0.wp.com\\\/naturalgproducts.com\\\/wp-content\\\/uploads\\\/2021\\\/06\\\/No-contiene-azucares-anadidos-ni-conservantes.webp?fit=1080%2C1080&ssl=1\",\"width\":1080,\"height\":1080,\"caption\":\"Crema La Berraquera\"},{\"@type\":\"BreadcrumbList\",\"@id\":\"https:\\\/\\\/naturalgproducts.com\\\/index.php\\\/producto\\\/la-berraquera\\\/#breadcrumb\",\"itemListElement\":[{\"@type\":\"ListItem\",\"position\":1,\"name\":\"Home\",\"item\":\"https:\\\/\\\/naturalgproducts.com\\\/\"},{\"@type\":\"ListItem\",\"position\":2,\"name\":\"Tienda\",\"item\":\"https:\\\/\\\/naturalgproducts.com\\\/index.php\\\/tienda\\\/\"},{\"@type\":\"ListItem\",\"position\":3,\"name\":\"La Berraquera &#8211; relajante corporal 60gr\"}]},{\"@type\":\"WebSite\",\"@id\":\"https:\\\/\\\/naturalgproducts.com\\\/#website\",\"url\":\"https:\\\/\\\/naturalgproducts.com\\\/\",\"name\":\"Natural Green Products\",\"description\":\"\",\"publisher\":{\"@id\":\"https:\\\/\\\/naturalgproducts.com\\\/#organization\"},\"potentialAction\":[{\"@type\":\"SearchAction\",\"target\":{\"@type\":\"EntryPoint\",\"urlTemplate\":\"https:\\\/\\\/naturalgproducts.com\\\/?s={search_term_string}\"},\"query-input\":{\"@type\":\"PropertyValueSpecification\",\"valueRequired\":true,\"valueName\":\"search_term_string\"}}],\"inLanguage\":\"es-CO\"},{\"@type\":\"Organization\",\"@id\":\"https:\\\/\\\/naturalgproducts.com\\\/#organization\",\"name\":\"Natural Green Products\",\"url\":\"https:\\\/\\\/naturalgproducts.com\\\/\",\"logo\":{\"@type\":\"ImageObject\",\"inLanguage\":\"es-CO\",\"@id\":\"https:\\\/\\\/naturalgproducts.com\\\/#\\\/schema\\\/logo\\\/image\\\/\",\"url\":\"https:\\\/\\\/i0.wp.com\\\/naturalgproducts.com\\\/wp-content\\\/uploads\\\/2022\\\/01\\\/cropped-Nuevo-logo.png?fit=1280%2C1280&ssl=1\",\"contentUrl\":\"https:\\\/\\\/i0.wp.com\\\/naturalgproducts.com\\\/wp-content\\\/uploads\\\/2022\\\/01\\\/cropped-Nuevo-logo.png?fit=1280%2C1280&ssl=1\",\"width\":1280,\"height\":1280,\"caption\":\"Natural Green Products\"},\"image\":{\"@id\":\"https:\\\/\\\/naturalgproducts.com\\\/#\\\/schema\\\/logo\\\/image\\\/\"},\"sameAs\":[\"https:\\\/\\\/www.facebook.com\\\/naturalgproducts\\\/\",\"https:\\\/\\\/www.instagram.com\\\/naturalgreenproducts\\\/\"]}]}<\/script>\n<!-- \/ Yoast SEO plugin. -->","yoast_head_json":{"title":"La Berraquera - relajante corporal 60gr - Natural Green Products","description":"Relajante muscular con cannabis, cal\u00e9ndula entre otras plantas. Artritis, fibromialgia, hipertrofia. Ideal para recuperaci\u00f3n de deportistas","robots":{"index":"index","follow":"follow","max-snippet":"max-snippet:-1","max-image-preview":"max-image-preview:large","max-video-preview":"max-video-preview:-1"},"canonical":"https:\/\/naturalgproducts.com\/index.php\/producto\/la-berraquera\/","og_locale":"es_ES","og_type":"article","og_title":"La Berraquera - relajante corporal 60gr - Natural Green Products","og_description":"Relajante muscular con cannabis, cal\u00e9ndula entre otras plantas. Artritis, fibromialgia, hipertrofia. Ideal para recuperaci\u00f3n de deportistas","og_url":"https:\/\/naturalgproducts.com\/index.php\/producto\/la-berraquera\/","og_site_name":"Natural Green Products","article_publisher":"https:\/\/www.facebook.com\/naturalgproducts\/","article_modified_time":"2026-04-24T11:43:08+00:00","og_image":[{"width":1080,"height":1080,"url":"https:\/\/naturalgproducts.com\/wp-content\/uploads\/2021\/06\/No-contiene-azucares-anadidos-ni-conservantes.webp","type":"image\/webp"}],"twitter_card":"summary_large_image","twitter_misc":{"Tiempo de lectura":"2 minutos"},"schema":{"@context":"https:\/\/schema.org","@graph":[{"@type":"WebPage","@id":"https:\/\/naturalgproducts.com\/index.php\/producto\/la-berraquera\/","url":"https:\/\/naturalgproducts.com\/index.php\/producto\/la-berraquera\/","name":"La Berraquera - relajante corporal 60gr - Natural Green Products","isPartOf":{"@id":"https:\/\/naturalgproducts.com\/#website"},"primaryImageOfPage":{"@id":"https:\/\/naturalgproducts.com\/index.php\/producto\/la-berraquera\/#primaryimage"},"image":{"@id":"https:\/\/naturalgproducts.com\/index.php\/producto\/la-berraquera\/#primaryimage"},"thumbnailUrl":"https:\/\/i0.wp.com\/naturalgproducts.com\/wp-content\/uploads\/2021\/06\/No-contiene-azucares-anadidos-ni-conservantes.webp?fit=1080%2C1080&ssl=1","datePublished":"2021-06-10T16:37:10+00:00","dateModified":"2026-04-24T11:43:08+00:00","description":"Relajante muscular con cannabis, cal\u00e9ndula entre otras plantas. Artritis, fibromialgia, hipertrofia. Ideal para recuperaci\u00f3n de deportistas","breadcrumb":{"@id":"https:\/\/naturalgproducts.com\/index.php\/producto\/la-berraquera\/#breadcrumb"},"inLanguage":"es-CO","potentialAction":[{"@type":"ReadAction","target":["https:\/\/naturalgproducts.com\/index.php\/producto\/la-berraquera\/"]}]},{"@type":"ImageObject","inLanguage":"es-CO","@id":"https:\/\/naturalgproducts.com\/index.php\/producto\/la-berraquera\/#primaryimage","url":"https:\/\/i0.wp.com\/naturalgproducts.com\/wp-content\/uploads\/2021\/06\/No-contiene-azucares-anadidos-ni-conservantes.webp?fit=1080%2C1080&ssl=1","contentUrl":"https:\/\/i0.wp.com\/naturalgproducts.com\/wp-content\/uploads\/2021\/06\/No-contiene-azucares-anadidos-ni-conservantes.webp?fit=1080%2C1080&ssl=1","width":1080,"height":1080,"caption":"Crema La Berraquera"},{"@type":"BreadcrumbList","@id":"https:\/\/naturalgproducts.com\/index.php\/producto\/la-berraquera\/#breadcrumb","itemListElement":[{"@type":"ListItem","position":1,"name":"Home","item":"https:\/\/naturalgproducts.com\/"},{"@type":"ListItem","position":2,"name":"Tienda","item":"https:\/\/naturalgproducts.com\/index.php\/tienda\/"},{"@type":"ListItem","position":3,"name":"La Berraquera &#8211; relajante corporal 60gr"}]},{"@type":"WebSite","@id":"https:\/\/naturalgproducts.com\/#website","url":"https:\/\/naturalgproducts.com\/","name":"Natural Green Products","description":"","publisher":{"@id":"https:\/\/naturalgproducts.com\/#organization"},"potentialAction":[{"@type":"SearchAction","target":{"@type":"EntryPoint","urlTemplate":"https:\/\/naturalgproducts.com\/?s={search_term_string}"},"query-input":{"@type":"PropertyValueSpecification","valueRequired":true,"valueName":"search_term_string"}}],"inLanguage":"es-CO"},{"@type":"Organization","@id":"https:\/\/naturalgproducts.com\/#organization","name":"Natural Green Products","url":"https:\/\/naturalgproducts.com\/","logo":{"@type":"ImageObject","inLanguage":"es-CO","@id":"https:\/\/naturalgproducts.com\/#\/schema\/logo\/image\/","url":"https:\/\/i0.wp.com\/naturalgproducts.com\/wp-content\/uploads\/2022\/01\/cropped-Nuevo-logo.png?fit=1280%2C1280&ssl=1","contentUrl":"https:\/\/i0.wp.com\/naturalgproducts.com\/wp-content\/uploads\/2022\/01\/cropped-Nuevo-logo.png?fit=1280%2C1280&ssl=1","width":1280,"height":1280,"caption":"Natural Green Products"},"image":{"@id":"https:\/\/naturalgproducts.com\/#\/schema\/logo\/image\/"},"sameAs":["https:\/\/www.facebook.com\/naturalgproducts\/","https:\/\/www.instagram.com\/naturalgreenproducts\/"]}]}},"jetpack-related-posts":[],"jetpack_sharing_enabled":true,"_links":{"self":[{"href":"https:\/\/naturalgproducts.com\/index.php\/wp-json\/wp\/v2\/product\/79","targetHints":{"allow":["GET"]}}],"collection":[{"href":"https:\/\/naturalgproducts.com\/index.php\/wp-json\/wp\/v2\/product"}],"about":[{"href":"https:\/\/naturalgproducts.com\/index.php\/wp-json\/wp\/v2\/types\/product"}],"replies":[{"embeddable":true,"href":"https:\/\/naturalgproducts.com\/index.php\/wp-json\/wp\/v2\/comments?post=79"}],"wp:featuredmedia":[{"embeddable":true,"href":"https:\/\/naturalgproducts.com\/index.php\/wp-json\/wp\/v2\/media\/925"}],"wp:attachment":[{"href":"https:\/\/naturalgproducts.com\/index.php\/wp-json\/wp\/v2\/media?parent=79"}],"wp:term":[{"taxonomy":"product_brand","embeddable":true,"href":"https:\/\/naturalgproducts.com\/index.php\/wp-json\/wp\/v2\/product_brand?post=79"},{"taxonomy":"product_cat","embeddable":true,"href":"https:\/\/naturalgproducts.com\/index.php\/wp-json\/wp\/v2\/product_cat?post=79"},{"taxonomy":"product_tag","embeddable":true,"href":"https:\/\/naturalgproducts.com\/index.php\/wp-json\/wp\/v2\/product_tag?post=79"}],"curies":[{"name":"wp","href":"https:\/\/api.w.org\/{rel}","templated":true}]}}